k be b(c). Let s = 17 - k. What is the units digit of s?
8
Let v = 3 - 1. Suppose -m + 4*j = -4, -v*m = -m - 5*j - 5. Suppose -4*k + 5*x = 13, -2*k - 2*x + x + 11 = m. What is the units digit of k?
3
Let h(q) = q**3 + 9*q**2 + 9*q + 1. What is the units digit of h(-6)?
5
Suppose -l + 10 = w, 5 = -2*l + 5*w - 10. Let z(r) = r**2 - 4*r. Let j be z(l). Suppose 5*b + 31 = n + b, -b = j*n - 92. What is the tens digit of n?
1
Suppose 0 = -o + 3*o - 26. Let g = -9 + o. What is the units digit of g?
4
Suppose -4*j + 7 = -9. Suppose -j*r = -2*i + 116, -3*i + 5*r - 28 + 200 = 0. What is the tens digit of i?
5
Let w = -19 + 19. Suppose w = 6*u - 4*u - 4*k - 62, 2*u + 4*k - 86 = 0. What is the units digit of u?
7
Suppose -g + 11 - 1 = 5*o, -2*g - 13 = -o. Let i(r) = -r**2 - 5*r + 7. What is the units digit of i(g)?
7
Suppose 4*w - 5 = 3*s + 7, 5*s - 6 = -2*w. Suppose -d - d + 2 = -w*q, 5*d - 5*q - 5 = 0. What is the units digit of d?
1
Suppose -4*o - 2*y - 19 = -3*y, 4*y - 12 = 0. Suppose -2*g + 2*j + 2*j + 52 = 0, -3*g = -4*j - 70. Let z = o + g. What is the tens digit of z?
1
Let w be (-1)/(-2) - 2/(-4). Suppose -3*d + 7 = -s, 2*d - w = -3*s + 11. Suppose -p + 28 = d*p. What is the units digit of p?
7
What is the units digit of 2/(-6) - (-10678)/57?
7
Suppose -v + 194 + 42 = 3*y, 320 = 4*y + 4*v. What is the units digit of y?
8
Let h = -18 - -36. What is the units digit of h?
8
What is the units digit of (0 + 1)*(102 - 5)?
7
Suppose -165 = -p + 3*g, -3*p - g = -0*p - 505. What is the hundreds digit of p?
1
Suppose 2*v - 4*v = 44. Let y be v/(-5) - (-2)/(-5). What is the units digit of 46/6 + y/(-6)?
7
Suppose 0*m = 2*m - 124. What is the units digit of m?
2
Let b(v) be the third derivative of v**4/6 + 5*v**3/6 - 6*v**2. What is the tens digit of b(3)?
1
Let d(j) = 8*j**2 + 4*j - 2. Let n be d(-5). Let w = -12 - n. What is the units digit of w/(-15)*6/4?
9
Let w(d) = 2*d**2 + 7. Let a be w(-4). Suppose a = p + 5. What is the tens digit of p?
3
Let s(w) = -6 + 7 - 8*w - 3*w. What is the tens digit of s(-1)?
1
Let m be -3*(-1 + 2 - 2). What is the units digit of (m + -3 + 2)/1?
2
Let l(x) = 5*x + 26. What is the tens digit of l(11)?
8
Suppose -b + 6*b - 60 = 0. What is the units digit of b?
2
Suppose 0 = -18*y + 7*y + 550. What is the units digit of y?
0
Let g be (2 - -1 - 3)/1. Let b = g - -2. Suppose b*z - 7*z + 75 = 0. What is the tens digit of z?
1
Let t = 3 + 14. What is the units digit of t?
7
Suppose -f - 2*f - 50 = -2*z, 20 = -5*f. What is the units digit of z?
9
Suppose 2*y - 54 = -r, 4*r - 6 = r. What is the tens digit of y?
2
What is the units digit of 1 - (1 + -24 + 0)?
4
Let d be (-1)/(-1 + 0) + 1. Suppose -i + 5*v - 11 = 0, 3*v - 17 = -d. What is the units digit of i?
4
Let j be (33/(-6))/((-1)/2). Let y = 21 - j. What is the units digit of y - (-3)/(-2 + -1)?
9
Let f(c) = -11*c + 2. Let h be f(-3). Let s = -14 + h. Let d = s + -6. What is the units digit of d?
5
Suppose i + 3*i = 0. Suppose 2 = -i*a + 2*a. What is the units digit of a?
1
Suppose 3*z + 13 + 14 = 0. Suppose 2*x = -0*x - 4. What is the units digit of (-84)/z + x/6?
9
Let k(y) = 9*y - 10. What is the units digit of k(5)?
5
Let z = -66 - -124. Let x = -98 + z. Let p = x - -58. What is the units digit of p?
8
Let c(o) = 13*o - 1. What is the tens digit of c(6)?
7
Suppose -2 = x, 3*x = 3*v - x + 16. Let k = 36 - v. What is the tens digit of k?
4
Let x = 23 + -28. Suppose -2*h + 10 = 3*h. Let o = h - x. What is the units digit of o?
7
Let b(t) = 2*t**2 + 6*t + 6. Let d be b(-4). Let p = 24 - d. What is the units digit of p?
0
Suppose -22 = -5*m - 17. What is the units digit of m?
1
Suppose 0*o = -o. Suppose o*n = 3*n - 9. Suppose -2 + 11 = n*m. What is the units digit of m?
3
Suppose a - 15 = 6*a + 5*g, a - 5*g = 9. Let s(z) be the second derivative of -7*z**3/6 - 12*z. What is the units digit of s(a)?
7
Let g = 111 + -45. What is the tens digit of g?
6
Let g(a) = 2*a - 12. Let d be g(9). What is the units digit of d/21 + (-192)/(-14)?
4
Let z = 18 - 4. What is the units digit of z?
4
Let o = 7 + -5. Suppose 2*g - f = 7*g - 1, 3*g = -2*f + o. Suppose -4*x = -g*x - 28. What is the units digit of x?
7
Suppose 2 = -i - 9. Let z = i - -19. What is the units digit of z?
8
Let v(n) = 3*n. Let i(a) = 1. Let q(p) = -9*i(p) + v(p). What is the units digit of q(10)?
1
Suppose -5*n = -n + 56. Let a(c) be the first derivative of -c**4/4 - 13*c**3/3 + 13*c**2/2 - 9*c + 2. What is the units digit of a(n)?
5
Suppose -4*a + 3*a + 105 = 0. What is the units digit of a?
5
Let q(a) = -3*a**3 - 3*a**2 + 5*a + 4. What is the tens digit of q(-3)?
4
What is the units digit of -5 - (-132)/28 - 424/(-14)?
0
Let d(r) = 2*r**2 + 11*r + 10. What is the units digit of d(-5)?
5
Let k = 6 - -1. Let b(h) = -h**3 + 7*h**2 - 6*h - 1. Let a be b(6). Let s = k - a. What is the units digit of s?
8
Let v = 14 + -10. Suppose -12 = -7*t + v*t. What is the units digit of t?
4
What is the tens digit of ((-7)/(21/58))/(4/(-24))?
1
Let c = 254 - 141. What is the tens digit of c?
1
What is the tens digit of 6/15 + (-540)/(-25)?
2
Suppose 0 = 4*m - 0*m. Let j = -9 + m. Let s = 1 - j. What is the tens digit of s?
1
Let y(f) = -33*f - 3. Let t be y(-3). Suppose -19 + 179 = 5*j - 2*b, t = 3*j - 4*b. What is the units digit of j?
2
Let i(y) be the third derivative of y**4/24 + 11*y**3/6 - 2*y**2. Let z be i(-9). What is the units digit of 4*(0 - -2) - z?
6
Let z(p) = p**3 - 3*p**2 + 4. Let a be 2 + -2 + 0 + 3. Let g be z(a). Suppose -5*o + g*x + 25 = 0, 3*x = o - 0*o - 16. What is the units digit of o?
1
Suppose 0 = -3*i, 8 + 4 = -4*r + i. Let c = r + 3. Suppose -2*l - t + 7 = c, 2*l = t + 2 - 1. What is the units digit of l?
2
Suppose c + 3*y = 477, -1827 - 488 = -5*c - y. What is the tens digit of c/30 - 2/5?
1
Suppose -d = -29 + 6. What is the tens digit of d?
2
Suppose -m - g + 12 = 0, 2*g - 6*g = 5*m - 64. Let x = m + 0. What is the units digit of x?
6
Let c(y) = -2*y - 2. Let v be c(-5). Let g be (-46)/(-14) + 2/(-7). Suppose -v*l + g*l = -30. What is the units digit of l?
6
Let h = 2 + 1. Let c be (h/(-6))/1*10. What is the units digit of (2/c)/((-2)/70)?
4
Let l(m) = -m + 8. Let y be l(8). Suppose -2*z = -y*q - 3*q - 66, -11 = -z - 4*q. What is the tens digit of z?
2
Suppose 5*j - 387 = -87. What is the tens digit of j?
6
Let a = 8 + -6. Suppose -n + 9 = q, -a*q = 3*n + 2*n - 39. What is the units digit of n?
7
Let y be 34/(2*3/(-6)). Let u be (-2)/3 + y/(-6). Suppose 7 = s - u. What is the units digit of s?
2
Let z be ((-3)/(-6))/((-3)/36). Let r(c) = -20*c - 52. Let k(i) = 8*i + 21. Let a(l) = 12*k(l) + 5*r(l). What is the tens digit of a(z)?
1
Suppose 5*r + 3*s - 323 = 0, 4*s - 3*s = 2*r - 127. What is the tens digit of r?
6
Suppose 4*d = -5*q + 218, -2*q = -0*d - 2*d - 98. What is the tens digit of q?
4
Suppose -5*t = -4*t - 5. Let y be t + (1 - 1) + 1. What is the units digit of (3/6 - 0)*y?
3
Let y(j) = j**2 - j - 2. Let s be y(-2). What is the tens digit of (32/10)/(s/20)?
1
Let k be 0*3/3*-1. Suppose -206 = -4*m - 2*n - 74, 4*n = k. What is the units digit of m?
3
Let d be ((-6)/4)/((-6)/16). Suppose -9 = -4*o + d*n + 31, 0 = o - 5*n - 30. What is the units digit of o?
5
Suppose 0*g - 2*j = 4*g - 22, -4*g + 15 = -5*j. Suppose p - g*p = 0. Suppose -18 = -p*c - 3*c. What is the units digit of c?
6
Suppose 39 = 4*t - 149. Suppose -2*l = l - 87. Let r = t - l. What is the tens digit of r?
1
Let t = 5 + -3. Suppose -11 = -4*y + 3*j, -t*y = 2*y - 5*j - 13. Suppose -y*x = -2*i + 16, x + 6 - 22 = -2*i. What is the units digit of i?
8
Suppose -3*y + 4 = -2*y - t, 10 = -5*t. Let w(v) = -v + 6. Let a be w(3). Suppose -5*n + 4 - 1 = -4*u, 3*u = y*n + a. What is the units digit of n?
3
Let r = -72 + 259. What is the hundreds digit of r?
1
Suppose 2*n + 4*u = 3*n + 26, 5*n + 38 = -3*u. Let s = 14 + n. Let y = 1 + s. What is the units digit of y?
5
Suppose 0 = -6*w + w - 150. What is the units digit of (-86)/w - (-2)/15?
3
Let j be (4 - 1)/(2/22). Let f = j + -16. What is the units digit of f?
7
Let x = -3 + 3. Suppose 3*l + 2*l - 15 = x. What is the units digit of l?
3
Let g(k) = 2*k**3 - k + 1. Suppose -2*p = 2*s - 8, -2*s + 5*p = -0*s + 13. What is the units digit of g(s)?
2
Suppose 0*h = 3*h - 45. Let c = h + 5. What is t